3*l + 3. Suppose -t - 3*x - 12 = -3, -4*t + 5*x = -32. Let i be v(t). Calculate j(i).
8
Let a(z) be the first derivative of z**4/4 - z**3 - 3*z**2/2 + 3*z - 66. Determine a(3).
-6
Let o = 1 + -5. Let c(g) = -g**3 - 3*g**2 + 3*g + 4. What is c(o)?
8
Let q(s) = s**2 - 2*s + 3. Let i be q(0). Suppose -5*d + 25 = -f, 14 = 2*f + 4. Let p(n) = -4*n - 9*n**i + 10*n + 10*n**3 - d - 5*n**2. Determine p(4).
2
Let q(s) = -4*s**3 - s**2. Let g be q(1). Let a = -3 + 5. Let n(y) = 2 - y**a - 4*y + 1 - 1. Give n(g).
-3
Let l = 19 + -13. Let h(a) = -5*a + 11*a**2 - 6*a**2 - l*a**2 + 7. Give h(-5).
7
Let t(r) be the second derivative of -r**4/12 + 5*r**3/3 + 5*r**2/2 - 30*r. Determine t(10).
5
Let c(h) = 2*h**3 - h**2 + 6*h - 1. Let z(f) = -5*f**3 + 2*f**2 - 18*f + 3. Let u(t) = 8*c(t) + 3*z(t). Calculate u(4).
9
Let r(x) be the third derivative of -x**4/24 + x**3/6 - 13*x**2. What is r(-6)?
7
Let b(x) be the first derivative of 5*x**4/4 - x**3/3 + x**2/2 - 28. What is b(1)?
5
Let w = -4 + 6. Let v(r) = 3 - w*r + 3*r + 3*r - r. Calculate v(-5).
-12
Let y(u) = 3*u + 12. Let h(k) = 2*k + 11. Let x(l) = 5*h(l) - 4*y(l). Calculate x(6).
-5
Let z(y) be the first derivative of -y**6/360 + y**5/20 - y**4/4 - 2*y**3/3 + 1. Let d(w) be the third derivative of z(w). Give d(5).
-1
Let u(t) = -17*t**3 + 4*t**2. Let o(n) = 16*n**3 - 3*n**2. Let c(l) = 4*o(l) + 3*u(l). What is c(-1)?
-13
Let o(q) = -q + 4. Let a(u) = -u**3 - 7*u**2 + 4. Let p be a(-7). Give o(p).
0
Let t be 21/35 + (-24)/(-10). Let w(o) = -o + t*o - o. What is w(5)?
5
Let k(t) = 2*t**3 + 6*t**2 + 4*t + 3. Let z be 60/(-27) - 2/(-9). Let y be k(z). Let h(r) = -r**3 + 4*r**2 - 2*r - 1. What is h(y)?
2
Let b(v) = -2*v - 7. Let m(r) = 9 - 2 + 2 + 5 + 3*r. Let z(k) = -5*b(k) - 3*m(k). What is z(3)?
-4
Let s(i) = 2*i - 4. Let z(m) = m - 1. Let o(f) = -s(f) + 3*z(f). Determine o(-2).
-1
Let u(n) be the third derivative of n**6/120 + n**5/15 - n**4/12 - 2*n**3/3 + 10*n**2. Determine u(-3).
11
Let t = -9 + 6. Let h(i) = -9*i**2 - 6*i + 5. Let p(k) = -5*k**2 - 3*k + 3. Let v(b) = -3*h(b) + 5*p(b). What is v(t)?
9
Let o(f) = f**2 - 12*f + 22. Let s be o(10). Let d(m) = -m**3 + 2*m**2 - m + 1. Determine d(s).
-1
Let d(y) = -y**2 - 3*y - 4. Let f = -7 - -12. Let x(v) = 2*v**2 - v + 5 + 5 + f*v - 5. Let i(u) = 4*d(u) + 3*x(u). Determine i(-1).
1
Let p = 3 + -4. Let u(h) be the third derivative of -h**9/20160 - h**7/5040 - h**5/60 - 2*h**2. Let g(n) be the third derivative of u(n). Determine g(p).
4
Let u = -1 + -3. Suppose -2*t - 2*i + 6 + 4 = 0, -4*t = -i - 15. Let c(s) = 3*s - 4*s - t*s + 3*s + 3. Give c(u).
11
Let w(h) = 2 - 7*h - 1 + 6*h. Determine w(2).
-1
Suppose -3*o + o = 6, 5*l = -2*o + 19. Let q(g) = -g**2 + 4*g - 5. Determine q(l).
-10
Let w(l) = l**3 - 7*l**2 - 9*l + 8. Suppose -4*z = 3*n + 2*n - 56, n - 5*z + 12 = 0. Give w(n).
0
Suppose -25 = -5*y - 2*v - v, 4*v = 2*y + 16. Let r(c) = -y*c**2 + 7*c**2 - 1 + c - c. Suppose -p + 3 = 2*p. What is r(p)?
4
Let n(m) be the third derivative of -m**4/24 + m**3/3 + 4*m**2. Suppose -h + 3*h - 50 = 0. Suppose -5*r = h - 0. What is n(r)?
7
Let i(h) be the third derivative of h**5/60 + h**4/4 - 2*h**3/3 - h**2. Suppose -2 = 2*x + 3*u + 11, 3*x = 3*u - 12. Calculate i(x).
-9
Let h = -15 - -21. Suppose f - h = 4*f. Let d be 4/f - (3 - 4). Let j(m) = -8*m**2. Determine j(d).
-8
Let t(h) be the second derivative of h**4/12 + 2*h**3/3 + h**2/2 + 13*h. Let p(w) = 2*w**3 - w**2 + w + 1. Let m be p(-1). Calculate t(m).
-2
Let t(u) = 3*u + 0 - 7*u**2 - 2 + 3*u - 2*u. Let z(a) = -8*a**2 + 5*a - 2. Let y(j) = 6*t(j) - 5*z(j). Give y(-2).
-8
Let w(y) = y**3 - y**2. Let s(b) = 4*b**3 - 9*b**2 - 2*b + 4. Let h(p) = s(p) - 5*w(p). Calculate h(-3).
1
Suppose 3*m = m. Let a be (m + 3)/3 + 2. Let t(z) = -z - 1. Give t(a).
-4
Let g be 33/5 + (-2)/(-5). Suppose k - 4 = 3*w, -3*w + 8 = -g*w. Let l(r) = 3*r**2 + r. What is l(k)?
10
Let c be (-172)/(-129)*-2*(-6)/4. Let k(w) be the first derivative of w**4/4 - w**3 - 3*w**2 + 5*w - 1. Determine k(c).
-3
Let s(d) be the second derivative of -d**3 + 3/2*d**2 - 1/12*d**4 - d + 0. Suppose 123 = -5*o + 98. Determine s(o).
8
Let a(g) = -g**2 - g. Let x(w) = w + 3. Let d be x(0). Let c = -5 - d. Let v = 7 + c. What is a(v)?
0
Let w(d) be the second derivative of -d - 1/12*d**4 - 3*d**2 + 0 + d**3. Suppose -5*u + 17 = v, u = -u - 3*v - 1. Calculate w(u).
2
Let m(z) = z. Let s(o) = -o**2 + 2*o - 5. Let w(f) = 5*m(f) + s(f). Let k be ((-2)/3)/((-4)/30). Give w(k).
5
Let a(m) = -37*m**2 - 2*m - 1. Suppose -2*f + 2*t = f + 5, 0 = -4*f - 4*t. Calculate a(f).
-36
Let g(d) be the third derivative of -d**4/24 - d**3/6 - 4*d**2. Determine g(-5).
4
Let n(u) = u + 1. Let w(t) = 3*t + 10. Let g(i) = 6*n(i) - w(i). Suppose 5*x - 2*a = 30, x - a + 4*a + 11 = 0. Suppose 0 = -4*r + 20 - x. Calculate g(r).
8
Let w(t) be the first derivative of -t**4/6 - t**3/6 + t**2/2 - t - 7. Let h(j) be the first derivative of w(j). What is h(-2)?
-5
Let c(q) be the first derivative of -q**2 + 5*q + 1. Let h = 20 + -30. Let f be -1*3/6*h. What is c(f)?
-5
Suppose 0 = 4*n - 5*f - 16 - 15, -n - 2*f - 2 = 0. Let x(h) = -4 - n + 5 - 3*h - 4*h**2 - h**3. Give x(-4).
9
Let v(w) = -w**3 - w - 2. Let a be v(0). Let x be (3/(-5))/(5/(-25)). Let j(t) = -x*t**2 - t**3 - 2*t**2 - 1 + t**2 - 4*t + t. Give j(a).
-3
Suppose -1 = 5*t + 9. Let v(y) = -3*y. What is v(t)?
6
Let l(y) = 3*y - 20. Let i be l(9). Let f(o) = -4*o - 8 + i*o - 2*o. What is f(7)?
-1
Let g = 0 - -2. Let q(x) = -x**2 + x. Let a(s) = -s**3 - 2*s**2 - 3*s + 2. Let i(h) = g*q(h) + a(h). Let u be 16/(-6) - (-3)/(-9). Calculate i(u).
-4
Let i(k) = 2*k**3 + 6*k**2 + 2*k + 1. Let u(z) = -6*z**3 - 17*z**2 - 6*z - 3. Let a(t) = -11*i(t) - 4*u(t). Calculate a(-1).
-1
Let m(o) = o**2 + 7*o + 9. Let w be m(-5). Let s(z) = 10*z**2. Give s(w).
10
Let v(b) = -b - 7. Let n(s) = -3*s - 29. Let i(j) = -2*n(j) + 9*v(j). Determine i(-5).
10
Let w(z) = 83*z - 73*z + 9 + 11*z**2 + z**3 + 0 - 4*z**2. Determine w(-6).
-15
Let t(h) = -11*h. Let j = -50 + 49. Calculate t(j).
11
Let y(n) be the first derivative of -n**4/12 + 2*n**3/3 + 3*n**2/2 - 2. Let j(k) be the second derivative of y(k). Determine j(4).
-4
Suppose 4*h - 2*u - 1 - 5 = 0, 4*h - 31 = -3*u. Let a(y) = y**3 - 3*y**2 - 2*y + 2. Give a(h).
10
Let b(n) be the third derivative of n**4/24 + n**3/6 + 3*n**2. Let q be b(-4). Let k(c) = c**2 + 4*c + 3. Determine k(q).
0
Let w(d) = -4*d**3 - d**2 - d. Let v = -16 - -15. Determine w(v).
4
Let o(l) = l**2 + 5*l + 2. Let a be o(-5). Let f(y) = 4 + 3*y - a*y - 3. Let t(i) = i**2 + 6*i - 5. Let b be t(-6). Determine f(b).
-4
Let i(d) be the second derivative of d**3/6 - 3*d**2/2 + 2*d. Let u = 3 + 2. Calculate i(u).
2
Let y(f) = -f**3 - f**2. Let d(z) = 5*z**3 - 6*z**2 - 2*z + 1. Let h(x) = -d(x) + 6*y(x). Let w = 85 - 84. Determine h(w).
-10
Suppose 15*j = 20*j - 65. Suppose j = -3*x + 28. Let c(f) = 5*f**2 - 3 - f**3 - f + f. What is c(x)?
-3
Let k(a) = a**3 - a**2 - 1. Let o(r) = -5*r**3 + 10*r**2 + 8*r - 1. Let i(b) = 4*k(b) + o(b). Let j be i(7). Let g(t) = t - 1. Determine g(j).
1
Suppose 4*g - 2 = 18. Let h(k) = -k**2 + 5*k - 2. Calculate h(g).
-2
Let k(r) = r**2 + 5*r. Let b(j) = j**2 + 10*j + 10. Suppose -24 = -f + 4*f. Let d be b(f). What is k(d)?
6
Suppose 5*m + 0*m = -15. Let c(d) be the second derivative of d**5/120 + d**4/8 + d**3/6 - 2*d. Let a(k) be the second derivative of c(k). What is a(m)?
0
Let f(a) = -a**2 - 5*a - 3. Suppose -3*i + 41 + 31 = 0. Suppose 0 = -2*y + 4*b + 8, 4*b = -y - b - i. Determine f(y).
1
Suppose 13 = -3*f + q, 0 = 4*q + 4 + 16. Let h(i) = i + 8. Calculate h(f).
2
Let k(o) be the third derivative of o**6/40 + o**5/20 + 64*o**2. What is k(-2)?
-12
Let v(c) be the first derivative of c**4/4 + c**3 + c**2/2 - 5*c - 1. Let t(j) = -j**3 - 3*j**2 - j + 4. Let y(u) = 3*t(u) + 2*v(u). Give y(-2).
0
Let g(d) = 5*d - 2 + d - d**2 + 0 - 9*d. What is g(-4)?
-6
Suppose 13*i - 5 = 12*i. Let d(v) = v**2 - 5*v - 4. Give d(i).
-4
Let b(n) = -n**3 - 11*n**2 - 13*n - 15. Let q be b(-10). Suppose -5*w + q = -0*w. Let h(o) = o**3 - 3*o**2 + 3*o - 4. Give h(w).
5
Let l(f) = -2*f - 7. Let j = 55 - 39. Suppose n + 0*k = -3*k - 2, -3*n + k - j = 0. Calculate l(n).
3
Let g(b) = 4*b**2 - b**3 + 3*b**3 + 2 + 5 - 3*b**3 + 3*b. Suppos